{"id":73,"date":"2022-04-01T11:59:06","date_gmt":"2022-04-01T09:59:06","guid":{"rendered":"https:\/\/carolinekuhles.de\/wordpress\/?page_id=73"},"modified":"2022-10-03T13:59:54","modified_gmt":"2022-10-03T11:59:54","slug":"impressum","status":"publish","type":"page","link":"https:\/\/carolinekuhles.de\/wordpress\/impressum\/","title":{"rendered":"IMPRESSUM"},"content":{"rendered":"\n<h6 class=\"wp-block-heading\">IMPRESSUM\/DATENSCHUTZ<\/h6>\n\n\n\n<p class=\"has-text-color\" style=\"color:#397598\">Caroline Kuhles<br>Grafik-Designerin<br>Kalkofen 12 &nbsp; &nbsp;79224 Umkirch<br>tel 07665 9679 367<br>www.carolinekuhles.de . studio@carolinekuhles.de<\/p>\n\n\n\n<p>Inhalt und Gestaltung der Internet-Seite sind urheberrechtlich gesch\u00fctzt.<br>Eine Vervielf\u00e4ltigung der Seiten oder ihrer Inhalte bedarf der vorherigen schriftlichen Zustimmung. Trotz sorgf\u00e4ltiger inhaltlicher Kontrolle \u00fcbernehmen wir keine Haftung f\u00fcr die Inhalte externer Links. F\u00fcr den Inhalt der verlinkten Seiten sind ausschlie\u00dflich deren Betreiber verantwortlich.&nbsp;<\/p>\n\n\n\n<h5 class=\"wp-block-heading\">DATENSCHUTZERKL\u00c4ERUNG<\/h5>\n\n\n\n<p class=\"has-text-color\" style=\"color:#3977a4\">Verantwortlicher im Sinne der Datenschutzgesetze, insbesondere der EU-Datenschutzgrundverordnung (DSGVO), ist:<br>Caroline Kuhles, Kalkofen 12, 79224 Umkirch<\/p>\n\n\n\n<p>Ihre Betroffenenrechte<br>Unter den angegebenen Kontaktdaten unseres Datenschutzbeauftragten k\u00f6nnen Sie jederzeit folgende Rechte aus\u00fcben:<br>\u2022 Auskunft \u00fcber Ihre bei uns gespeicherten Daten und deren Verarbeitung (Art. 15 DSGVO),<br>\u2022 Berichtigung unrichtiger personenbezogener Daten (Art. 16 DSGVO),<br>\u2022 L\u00f6schung Ihrer bei uns gespeicherten Daten (Art. 17 DSGVO),<br>\u2022 Einschr\u00e4nkung der Datenverarbeitung, sofern wir Ihre Daten aufgrund gesetzlicher Pflichten noch nicht l\u00f6schen d\u00fcrfen (Art. 18 DSGVO),<br>\u2022 Widerspruch gegen die Verarbeitung Ihrer Daten bei uns (Art. 21 DSGVO) und<br>\u2022 Daten\u00fcbertragbarkeit, sofern Sie in die Datenverarbeitung eingewilligt haben oder einen Vertrag mit uns abgeschlossen haben (Art. 20 DSGVO).<br>Sofern Sie uns eine Einwilligung erteilt haben, k\u00f6nnen Sie diese jederzeit mit Wirkung f\u00fcr die Zukunft widerrufen.<br>Sie k\u00f6nnen sich jederzeit mit einer Beschwerde an eine Aufsichtsbeh\u00f6rde wenden, z. B. an die zust\u00e4ndige Aufsichtsbeh\u00f6rde des Bundeslands Ihres Wohnsitzes oder an die f\u00fcr uns als verantwortliche Stelle zust\u00e4ndige Beh\u00f6rde.<br>Eine Liste der Aufsichtsbeh\u00f6rden (f\u00fcr den nicht\u00f6ffentlichen Bereich) mit Anschrift finden Sie unter: https:\/\/www.bfdi.bund.de\/DE\/Infothek\/Anschriften_Links\/anschriften_links-node.html.<\/p>\n\n\n\n<p>Erfassung allgemeiner Informationen beim Besuch unserer Website<br>Art und Zweck der Verarbeitung:<br>Wenn Sie auf unsere Website zugreifen, d.h., wenn Sie sich nicht registrieren oder anderweitig Informationen \u00fcbermitteln, werden automatisch Informationen allgemeiner Natur erfasst. Diese Informationen (Server-Logfiles) beinhalten etwa die Art des Webbrowsers, das verwendete Betriebssystem, den Domainnamen Ihres Internet-Service-Providers, Ihre IP-Adresse und \u00e4hnliches.&nbsp;<br>Sie werden insbesondere zu folgenden Zwecken verarbeitet:<br>\u2022 Sicherstellung eines problemlosen Verbindungsaufbaus der Website,<br>\u2022 Sicherstellung einer reibungslosen Nutzung unserer Website,<br>\u2022 Auswertung der Systemsicherheit und -stabilit\u00e4t sowie<br>\u2022 zu weiteren administrativen Zwecken.<br>Wir verwenden Ihre Daten nicht, um R\u00fcckschl\u00fcsse auf Ihre Person zu ziehen. Informationen dieser Art werden von uns ggfs. statistisch ausgewertet, um unseren Internetauftritt und die dahinterstehende Technik zu optimieren.<br>Rechtsgrundlage:<br>Die Verarbeitung erfolgt gem\u00e4\u00df Art. 6 Abs. 1 lit. f DSGVO auf Basis unseres berechtigten Interesses an der Verbesserung der Stabilit\u00e4t und Funktionalit\u00e4t unserer Website.<br>Empf\u00e4nger:<br>Empf\u00e4nger der Daten sind ggf. technische Dienstleister, die f\u00fcr den Betrieb und die Wartung unserer Webseite als Auftragsverarbeiter t\u00e4tig werden.<br>Speicherdauer:<br>Die Daten werden gel\u00f6scht, sobald diese f\u00fcr den Zweck der Erhebung nicht mehr erforderlich sind. Dies ist f\u00fcr die Daten, die der Bereitstellung der Webseite dienen, grunds\u00e4tzlich der Fall, wenn die jeweilige Sitzung beendet ist.<br>Bereitstellung vorgeschrieben oder erforderlich:<br>Die Bereitstellung der vorgenannten personenbezogenen Daten ist weder gesetzlich noch vertraglich vorgeschrieben. Ohne die IP-Adresse ist jedoch der Dienst und die Funktionsf\u00e4higkeit unserer Website nicht gew\u00e4hrleistet. Zudem k\u00f6nnen einzelne Dienste und Services nicht verf\u00fcgbar oder eingeschr\u00e4nkt sein. Aus diesem Grund ist ein Widerspruch ausgeschlossen.&nbsp;<\/p>\n\n\n\n<p>SSL-Verschl\u00fcsselung<br>Um die Sicherheit Ihrer Daten bei der \u00dcbertragung zu sch\u00fctzen, verwenden wir dem aktuellen Stand der Technik entsprechende Verschl\u00fcsselungsverfahren (z. B. SSL) \u00fcber HTTPS.<\/p>\n\n\n\n<p>\u00c4nderung unserer Datenschutzbestimmungen<br>Wir behalten uns vor, diese Datenschutzerkl\u00e4rung anzupassen, damit sie stets den aktuellen rechtlichen Anforderungen entspricht oder um \u00c4nderungen unserer Leistungen in der Datenschutzerkl\u00e4rung umzusetzen, z.B. bei der Einf\u00fchrung neuer Services. F\u00fcr Ihren erneuten Besuch gilt dann die neue Datenschutzerkl\u00e4rung.<br>Fragen an den Datenschutzbeauftragten<br>Wenn Sie Fragen zum Datenschutz haben, schreiben Sie uns bitte eine E-Mail oder wenden Sie sich direkt an die f\u00fcr den Datenschutz verantwortliche Person in unserer Organisation:<br>studio@carolinekuhles.de<br>Die Datenschutzerkl\u00e4rung wurde mithilfe der activeMind AG erstellt, den Experten f\u00fcr externe Datenschutzbeauftragte (Version #2019-04-10).<br><\/p>\n","protected":false},"excerpt":{"rendered":"<p>IMPRESSUM\/DATENSCHUTZ Caroline KuhlesGrafik-DesignerinKalkofen 12 &nbsp; &nbsp;79224 Umkirchtel 07665 9679 367www.carolinekuhles.de . studio@carolinekuhles.de Inhalt und Gestaltung der Internet-Seite sind urheberrechtlich gesch\u00fctzt.Eine Vervielf\u00e4ltigung der Seiten oder ihrer&#8230;<\/p>\n<div class=\"more-link-wrapper\"><a class=\"more-link\" href=\"https:\/\/carolinekuhles.de\/wordpress\/impressum\/\">Weiterlesen<span class=\"screen-reader-text\">IMPRESSUM<\/span><\/a><\/div>\n","protected":false},"author":1,"featured_media":0,"parent":0,"menu_order":0,"comment_status":"closed","ping_status":"closed","template":"","meta":{"footnotes":""},"class_list":["post-73","page","type-page","status-publish","hentry","entry"],"_links":{"self":[{"href":"https:\/\/carolinekuhles.de\/wordpress\/wp-json\/wp\/v2\/pages\/73","targetHints":{"allow":["GET"]}}],"collection":[{"href":"https:\/\/carolinekuhles.de\/wordpress\/wp-json\/wp\/v2\/pages"}],"about":[{"href":"https:\/\/carolinekuhles.de\/wordpress\/wp-json\/wp\/v2\/types\/page"}],"author":[{"embeddable":true,"href":"https:\/\/carolinekuhles.de\/wordpress\/wp-json\/wp\/v2\/users\/1"}],"replies":[{"embeddable":true,"href":"https:\/\/carolinekuhles.de\/wordpress\/wp-json\/wp\/v2\/comments?post=73"}],"version-history":[{"count":5,"href":"https:\/\/carolinekuhles.de\/wordpress\/wp-json\/wp\/v2\/pages\/73\/revisions"}],"predecessor-version":[{"id":92,"href":"https:\/\/carolinekuhles.de\/wordpress\/wp-json\/wp\/v2\/pages\/73\/revisions\/92"}],"wp:attachment":[{"href":"https:\/\/carolinekuhles.de\/wordpress\/wp-json\/wp\/v2\/media?parent=73"}],"curies":[{"name":"wp","href":"https:\/\/api.w.org\/{rel}","templated":true}]}}

<h6 class="wp-block-heading">IMPRESSUM/DATENSCHUTZ</h6>



<p class="has-text-color" style="color:#397598">Caroline Kuhles<br>Grafik-Designerin<br>Kalkofen 12 &nbsp; &nbsp;79224 Umkirch<br>tel 07665 9679 367<br>www.carolinekuhles.de . studio@carolinekuhles.de</p>



<p>Inhalt und Gestaltung der Internet-Seite sind urheberrechtlich geschützt.<br>Eine Vervielfältigung der Seiten oder ihrer Inhalte bedarf der vorherigen schriftlichen Zustimmung. Trotz sorgfältiger inhaltlicher Kontrolle übernehmen wir keine Haftung für die Inhalte externer Links. Für den Inhalt der verlinkten Seiten sind ausschließlich deren Betreiber verantwortlich.&nbsp;</p>



<h5 class="wp-block-heading">DATENSCHUTZERKLÄERUNG</h5>



<p class="has-text-color" style="color:#3977a4">Verantwortlicher im Sinne der Datenschutzgesetze, insbesondere der EU-Datenschutzgrundverordnung (DSGVO), ist:<br>Caroline Kuhles, Kalkofen 12, 79224 Umkirch</p>



<p>Ihre Betroffenenrechte<br>Unter den angegebenen Kontaktdaten unseres Datenschutzbeauftragten können Sie jederzeit folgende Rechte ausüben:<br>• Auskunft über Ihre bei uns gespeicherten Daten und deren Verarbeitung (Art. 15 DSGVO),<br>• Berichtigung unrichtiger personenbezogener Daten (Art. 16 DSGVO),<br>• Löschung Ihrer bei uns gespeicherten Daten (Art. 17 DSGVO),<br>• Einschränkung der Datenverarbeitung, sofern wir Ihre Daten aufgrund gesetzlicher Pflichten noch nicht löschen dürfen (Art. 18 DSGVO),<br>• Widerspruch gegen die Verarbeitung Ihrer Daten bei uns (Art. 21 DSGVO) und<br>• Datenübertragbarkeit, sofern Sie in die Datenverarbeitung eingewilligt haben oder einen Vertrag mit uns abgeschlossen haben (Art. 20 DSGVO).<br>Sofern Sie uns eine Einwilligung erteilt haben, können Sie diese jederzeit mit Wirkung für die Zukunft widerrufen.<br>Sie können sich jederzeit mit einer Beschwerde an eine Aufsichtsbehörde wenden, z. B. an die zuständige Aufsichtsbehörde des Bundeslands Ihres Wohnsitzes oder an die für uns als verantwortliche Stelle zuständige Behörde.<br>Eine Liste der Aufsichtsbehörden (für den nichtöffentlichen Bereich) mit Anschrift finden Sie unter: https://www.bfdi.bund.de/DE/Infothek/Anschriften_Links/anschriften_links-node.html.</p>



<p>Erfassung allgemeiner Informationen beim Besuch unserer Website<br>Art und Zweck der Verarbeitung:<br>Wenn Sie auf unsere Website zugreifen, d.h., wenn Sie sich nicht registrieren oder anderweitig Informationen übermitteln, werden automatisch Informationen allgemeiner Natur erfasst. Diese Informationen (Server-Logfiles) beinhalten etwa die Art des Webbrowsers, das verwendete Betriebssystem, den Domainnamen Ihres Internet-Service-Providers, Ihre IP-Adresse und ähnliches.&nbsp;<br>Sie werden insbesondere zu folgenden Zwecken verarbeitet:<br>• Sicherstellung eines problemlosen Verbindungsaufbaus der Website,<br>• Sicherstellung einer reibungslosen Nutzung unserer Website,<br>• Auswertung der Systemsicherheit und -stabilität sowie<br>• zu weiteren administrativen Zwecken.<br>Wir verwenden Ihre Daten nicht, um Rückschlüsse auf Ihre Person zu ziehen. Informationen dieser Art werden von uns ggfs. statistisch ausgewertet, um unseren Internetauftritt und die dahinterstehende Technik zu optimieren.<br>Rechtsgrundlage:<br>Die Verarbeitung erfolgt gemäß Art. 6 Abs. 1 lit. f DSGVO auf Basis unseres berechtigten Interesses an der Verbesserung der Stabilität und Funktionalität unserer Website.<br>Empfänger:<br>Empfänger der Daten sind ggf. technische Dienstleister, die für den Betrieb und die Wartung unserer Webseite als Auftragsverarbeiter tätig werden.<br>Speicherdauer:<br>Die Daten werden gelöscht, sobald diese für den Zweck der Erhebung nicht mehr erforderlich sind. Dies ist für die Daten, die der Bereitstellung der Webseite dienen, grundsätzlich der Fall, wenn die jeweilige Sitzung beendet ist.<br>Bereitstellung vorgeschrieben oder erforderlich:<br>Die Bereitstellung der vorgenannten personenbezogenen Daten ist weder gesetzlich noch vertraglich vorgeschrieben. Ohne die IP-Adresse ist jedoch der Dienst und die Funktionsfähigkeit unserer Website nicht gewährleistet. Zudem können einzelne Dienste und Services nicht verfügbar oder eingeschränkt sein. Aus diesem Grund ist ein Widerspruch ausgeschlossen.&nbsp;</p>



<p>SSL-Verschlüsselung<br>Um die Sicherheit Ihrer Daten bei der Übertragung zu schützen, verwenden wir dem aktuellen Stand der Technik entsprechende Verschlüsselungsverfahren (z. B. SSL) über HTTPS.</p>



<p>Änderung unserer Datenschutzbestimmungen<br>Wir behalten uns vor, diese Datenschutzerklärung anzupassen, damit sie stets den aktuellen rechtlichen Anforderungen entspricht oder um Änderungen unserer Leistungen in der Datenschutzerklärung umzusetzen, z.B. bei der Einführung neuer Services. Für Ihren erneuten Besuch gilt dann die neue Datenschutzerklärung.<br>Fragen an den Datenschutzbeauftragten<br>Wenn Sie Fragen zum Datenschutz haben, schreiben Sie uns bitte eine E-Mail oder wenden Sie sich direkt an die für den Datenschutz verantwortliche Person in unserer Organisation:<br>studio@carolinekuhles.de<br>Die Datenschutzerklärung wurde mithilfe der activeMind AG erstellt, den Experten für externe Datenschutzbeauftragte (Version #2019-04-10).<br></p>

<p>IMPRESSUM/DATENSCHUTZ Caroline KuhlesGrafik-DesignerinKalkofen 12 &nbsp; &nbsp;79224 Umkirchtel 07665 9679 367www.carolinekuhles.de . studio@carolinekuhles.de Inhalt und Gestaltung der Internet-Seite sind urheberrechtlich geschützt.Eine Vervielfältigung der Seiten oder ihrer&#8230;</p>
<div class="more-link-wrapper"><a class="more-link" href="https://carolinekuhles.de/wordpress/impressum/">Weiterlesen<span class="screen-reader-text">IMPRESSUM</span></a></div>
